s digit of (16/24)/(b/(-159))?
5
Let o be 2/6 - (-1494)/54. Suppose 8*p = 4*p + o. What is the units digit of p?
7
Suppose 0 = 5*i - 6413 - 1602. What is the hundreds digit of i?
6
Let d be 414/36*(0 - (4 - 2)). What is the units digit of (d/(-3))/(284/(-48) + 6)?
2
Suppose -5*s = -4*y + 3196 + 152, 2*y - 1684 = 5*s. What is the units digit of y?
2
Suppose -5*c + 12 + 3 = 0, -p - 5*c = -895. What is the units digit of p?
0
Let l = -1177 - -2555. What is the hundreds digit of l?
3
Let s(v) = -1. Let r(k) = k**3 + 8*k**2 + 8*k - 14. Let z(b) = r(b) - 4*s(b). Let t be z(-7). Let n = t + 31. What is the units digit of n?
4
What is the hundreds digit of 3*(9208/12 - 6)?
2
Let y(q) = q**2 - 9*q - 10. Let k be y(9). Let b be 3*(5/(60/32) + -1). Let d = b - k. What is the units digit of d?
5
Suppose 3*c - 2*c - 2 = 0. Suppose 5*d - 3*f + 8 = 4*d, 5*d = f + c. What is the units digit of d?
1
Suppose 8*z - 12 = 4*z. Suppose 0 = -z*k - 3*v + 15, 3*v = 4*k - 14 - 20. What is the units digit of k?
7
What is the units digit of (1/(-1))/(74/(-145114))?
1
Let p = 8 - 6. Suppose p*d - 3 = 11. Let a = 7 + d. What is the units digit of a?
4
Let p be 4/8 - 513/(-2). Let z be (-14)/70 + (-26)/(-5). Suppose -2*w = z*s - p, 5*w + 66 = s - 7. What is the tens digit of s?
5
Suppose 0 = 259*g - 260*g + 27. What is the tens digit of g?
2
Suppose -3*a = 2*m + 152, 3*m + 4*a = -m - 304. Let z = -73 - m. What is the units digit of z?
3
Suppose -4*d + 4 = -4*z, 0 = 4*z - d - 2*d + 1. Suppose -6 = 5*s - y + z, 2*s - 2*y = 0. What is the units digit of (s + -1)*(-3 + 2)?
3
Suppose 3*c = -3*u + 58 + 149, -5*c = 4*u - 278. Let q = 118 - u. Let s = q + 9. What is the tens digit of s?
6
Suppose 0 = -3*v + 2*v. Suppose 0 = 2*g + 2*g - 4*h - 284, v = 2*h + 6. Suppose -s - y + 2*y = -20, -3*s - y + g = 0. What is the tens digit of s?
2
Suppose 4*m - 8170 = -34*m. What is the units digit of m?
5
Suppose -25*k + 26*k = -x + 743, 2*k = 6. What is the tens digit of x?
4
Let y(d) = d**2 + 7*d - 5. Suppose -4*n + 38 = 3*r, 0 = -5*n + 2*n + 15. What is the units digit of y(r)?
3
Let f be (3 - (80 + 2))/(-1). Suppose -68 = -2*g + 5*k, -3*g - 5*k = -k - f. What is the units digit of g?
9
Suppose 2*p + 750 - 160 = 4*t, -5*p - 1489 = 4*t. Let z = -168 - p. What is the hundreds digit of z?
1
Let z(d) be the second derivative of d**4/12 + d**3/6 - d**2/2 + 4*d. What is the tens digit of z(-4)?
1
Let h be ((-6)/(-6))/((-1)/(-2)). Suppose -3*v + 6 = -h*v. Suppose -f - 3*q = -0*f - 9, -3*q - v = -4*f. What is the units digit of f?
3
What is the tens digit of ((-25)/(-3) - 9)/(6/(-11835))?
1
What is the units digit of (93/4)/((-33)/(-132))?
3
Let m(n) = 2*n**2 + 15*n - 21. Let i be m(15). What is the hundreds digit of i/4*20/30?
1
Suppose 4 = -0*a - 2*a, 2*p + 2*a = 4. Suppose p*j - 12 = -4. Suppose j*k - 4*l - 20 = 0, 0*k = -5*k - 3*l + 11. What is the units digit of k?
4
What is the units digit of 10/(-45) - (-21680)/36?
2
Suppose 6*w - 25 = 5. Suppose 107 = w*s + 2*u + 2*u, -3*u + 9 = 0. What is the tens digit of s?
1
Suppose 0 = -2*h - 3*o + 276, -4*h + 3*o - 335 = -851. Suppose 0 = 3*u - 0*u - h. Let w = u + -14. What is the tens digit of w?
3
Let b(i) = -i**2 + i. Let g(t) = -3*t**2 + 5*t - 8. Let j(z) = -5*b(z) + g(z). What is the tens digit of j(-6)?
6
Let y(i) = -i**2 + 2*i + 35. Let k be y(14). Let f = k + 231. What is the units digit of f?
8
Suppose -8*j = -4*j - 12. Let w = 28 - -4. Suppose j*m - w - 34 = 0. What is the tens digit of m?
2
Suppose -34*a = -51*a + 14977. What is the hundreds digit of a?
8
Suppose -5*z - 1691 = -4*h, 315 + 19 = -z + 5*h. Let k = z + 618. What is the units digit of k?
9
Let u be (-141)/(-18) + (-3)/(-18). What is the units digit of 87 + (-1)/(4 - 34/u)?
1
Let o = 229 - 111. Let x = o + -69. What is the units digit of x?
9
Let q = 669 + -59. What is the units digit of q?
0
Suppose -5*f + 385 = -5*l, -26 + 1 = -5*l. Let m = -38 + f. What is the units digit of m?
4
Suppose -45 - 29 = -g - 2*j, -3*j - 396 = -5*g. Let l = -69 + g. What is the units digit of l?
9
Suppose 5*l - 1408 = 4*z, 0 = -3*l - 0*l + 5*z + 837. Let i = -89 + l. What is the tens digit of i?
9
Let m(x) = -22*x - 15 + 5 + 1 + 6. What is the tens digit of m(-5)?
0
What is the tens digit of (-7590)/(-9) - ((-28)/(-12) + -3)?
4
Suppose 6*s - 66 = -5*s. Suppose 3*n + 93 = s*n. What is the tens digit of n?
3
Let j(g) = 83*g + 370. What is the tens digit of j(10)?
0
Let z(x) = 2*x**2 + 16*x + 19. Let l be z(-17). Suppose 5*u - 340 = -s, 5*u + 5*s - l = s. What is the units digit of u?
9
Let o = 1465 - -1024. What is the units digit of o?
9
Let s(o) = 2*o - 5. Let d be s(6). Let n = 13 - d. Suppose z + 95 = n*z. What is the tens digit of z?
1
Suppose -3*k - 13 = -4*k - p, 0 = p + 1. Suppose -k*s + 48 = -13*s. What is the tens digit of s?
4
Suppose -q - 6 = -4*q. Suppose q*o + 385 = 7*o. What is the units digit of o?
7
Let s(k) = -k**2 - k + 1. Let p be s(-1). Let l(g) = 33*g + 1. Let a be l(p). Suppose -a = -4*o - 0*o + 2*x, -8 = -2*o + 4*x. What is the tens digit of o?
1
Suppose 43 = -j + 184. Suppose 2 = z, -3*z + 120 = 5*l - j. What is the units digit of l?
1
Suppose -22*o + 8 = -26*o. What is the units digit of (-422)/(-4) - 3/o?
7
Suppose 6*v - v + 200 = 0. What is the tens digit of (v/8)/(2/(-6))?
1
Let j be 3/2*2 - -1. Let r(o) = -o**2 + 5*o - 2. Let f be r(j). Suppose -f*b + 8 = -16. What is the tens digit of b?
1
Suppose -145 = -4*u + 243. Suppose -u - 29 = 6*w. What is the units digit of (-28)/w + 113/3?
9
Suppose -68*f + 52*f = -31248. What is the units digit of f?
3
Let b be 6/(-24) - 383/4. Let k = -22 - b. What is the units digit of k/((-9)/((-9)/2))?
7
Suppose -3*l + 4*l - 55 = 0. What is the tens digit of (-178)/(-11) + (-10)/l?
1
Let o be 12 - 4*(-6 + 2)/(-8). Let p = o + 145. What is the hundreds digit of p?
1
Suppose 0 = -2*l + 4*p + 404, -7 = -2*p - 1. What is the hundreds digit of l?
2
Let l(x) = -2*x + 9. Let o be l(-7). Let k = 27 - o. What is the units digit of k?
4
Suppose -53*a + 6 = -50*a. Suppose -6 = -4*p + 14. Suppose p*s - 5 = -3*n + 11, -n - a*s = -4. What is the tens digit of n?
1
Suppose -7*s + 11 = 3*n - 6*s, 2*n + 3*s = 5. Let j(u) be the first derivative of 2*u**3/3 - 5*u**2/2 - 1. What is the tens digit of j(n)?
1
Let z(s) = -s**3 - 2*s**2 - s - 2. Let b = -24 + 20. Let m be z(b). Let k = m + -18. What is the tens digit of k?
1
Suppose 4*f - 12 = f. Let o = f + -4. Suppose -2*w + w + 5*j + 11 = o, -3*w - 2*j = 1. What is the units digit of w?
1
Let n(h) = h**3 + 15*h**2 + 3*h + 15. What is the tens digit of n(-7)?
8
Suppose 5*q - f = 2355, 2*f + 1431 = 2*q + 497. Suppose -5*w - l = -q, -2*w + 284 = w + l. What is the units digit of w?
4
Let d(z) = -z**2 - 9*z - 16. Let a be d(-7). Let l(f) = -f**3 + f**2 + f - 2. What is the units digit of l(a)?
8
Suppose 68 = -4*y + 424. Suppose -5*q - 5 = 0, 0*g - 3*g = -q - 184. Let t = y - g. What is the units digit of t?
8
Let n be 4 - 0 - (3 + 1). Suppose 3*b - 93 - 45 = n. What is the tens digit of b?
4
Let r = 10 - 33. Let n = -79 - r. Let f = n + 96. What is the tens digit of f?
4
Let u = 272 + 1528. What is the units digit of u?
0
Let i(q) = 829*q**2 + 9*q + 16. What is the tens digit of i(-2)?
1
Let x = 1030 + -1030. Let c be 2/(-7) + (-68)/7. Let d = x - c. What is the tens digit of d?
1
Let l be (4/4)/(5/10). Suppose -5*u - 95 = -p, 2*u = l*p - 3*p + 67. What is the units digit of p?
5
Let l = 471 + -153. What is the tens digit of l?
1
Let t(o) = -4*o - 2*o + 8*o. Let j be t(-3). What is the units digit of (-25)/(-3) - (-2)/j?
8
Let v(y) = 7*y. Let b be v(8). Let j = -33 + b. Let l = j + 36. What is the units digit of l?
9
Let v = 12 + -18. Let h = v - -17. Suppose 7 + h = w. What is the tens digit of w?
1
What is the tens digit of (10/(-4))/((-23 - -13)/580)?
4
Let a = 1244 + -1122. What is the hundreds digit of a?
1
What is the hundreds digit of 4 + 19/((-209)/(-38896))?
5
Suppose 46*h - 60*h + 13776 = 0. What is the units digit of h?
4
Let x = -236 - -436. What is the hundreds digit of (8/(-5))/((-2)/x)?
1
Suppose 5 = -5*p + 20. Suppose -p*v = -4*v + 2. Suppose -3*a - j = -174, v*a - 7*a + j = -282. What is the tens digit of a?
5
Suppose -2*k + 314 = -548. What is the units digit of k?
1
Let g be 186/7 + (-1)/(